474 - o. What is the hundreds digit of r?
2
Let a be (-12)/20 + 386/10. Let i = 94 - a. Suppose -4*o + 21 = 2*n - 61, n + 5*o - i = 0. What is the tens digit of n?
3
Suppose -4*u = -46 + 18. What is the tens digit of 3/u - 144/(-7)?
2
Let m(a) = 3*a**2 + 0*a**2 + a - 2 - a**2 - a**2. Let w be m(-2). Suppose -p + 6 + 4 = w. What is the tens digit of p?
1
Let b = 1 - -1. Let c be 6/b - 8/(-4). Suppose 419 - 39 = c*h. What is the tens digit of h?
7
Suppose -42*b = -17427 + 5793. What is the tens digit of b?
7
Let x(b) = b - 55. Let q be x(38). Suppose 20 = 2*u - 16. Let m = u + q. What is the units digit of m?
1
Let c = -14 - -20. Suppose z = c*z - 880. What is the tens digit of z?
7
Suppose -20 = -0*y - 2*y. Let t be ((-12)/(-12))/(2/y). Suppose 0 = -3*x - 5*l + 21 + 20, t*l + 15 = 5*x. What is the units digit of x?
7
Let l(p) = -p**3 + 2*p**2 + p - 1. Let j be l(1). What is the tens digit of -93*(j + (-20)/12)?
6
Let i be (-24)/(-10)*360/27. Let v = 70 - i. What is the tens digit of v?
3
Let i be (-3 - -5 - 3) + 38. Suppose -7*f + 562 = i. What is the units digit of f?
5
Let a = -19 - -23. Suppose 0 = -a*s + 4*h - 36, 6*h + 9 = -4*s + h. Let p(f) = -7*f + 15. What is the tens digit of p(s)?
5
Suppose -10 = 5*l - 3*w, l - 5 = 3*l - w. What is the tens digit of -1 + l/(-5) + 80?
8
Let w be 0 - -1 - (-1 + -4). Suppose -i - w = i. What is the tens digit of 38/2 + 0/i?
1
Suppose d - 30 - 98 = 0. Suppose -4*u = 5*c - 28, -2*c - 4 = 2*u - 4*c. Suppose 0 = u*m + 2*m - d. What is the units digit of m?
2
Let a = -3861 - -7463. What is the units digit of a?
2
Suppose 4*r - 7*r = -9. Suppose r*l - 2*l = 15. What is the units digit of l?
5
Let q(m) = 2 - 2 + 3*m + 5. Suppose -s - 29 = -5*d + 2*s, 3*s = -3*d + 27. What is the units digit of q(d)?
6
Let u(w) = 6*w**2 + 2*w - 3. Let y be u(2). Suppose 0 = v + 3*v - 3*b + 42, 0 = 4*v + 4*b + 28. Let s = y + v. What is the units digit of s?
6
Suppose -5*s + 35 = -2*u - 3*u, 0 = -3*s + 3. Let p(t) = t**3 + 8*t**2 + 8*t + 4. What is the units digit of p(u)?
8
Suppose i - 2 = 0, 4*i - 313 - 555 = -5*k. What is the hundreds digit of k?
1
Suppose 195 = 4*g + t, 223 = 3*g - 2*t + 63. Let d = -38 + 66. Let p = g - d. What is the tens digit of p?
2
Suppose 22*s - 20*s + 44 = 0. What is the units digit of ((-44)/8)/(-3 - 65/s)?
1
Let l(n) = 2*n**2 + n. Suppose -2*q + 6 = -3*q. What is the tens digit of l(q)?
6
Suppose 4*j - 2*o + 3*o = -357, 179 = -2*j - o. Let y = 66 - j. What is the tens digit of y?
5
Suppose 3*s - 3*t + 12 = 0, 5*t - 6 - 14 = 0. Suppose g + g - 6 = s. Suppose -5 - 97 = -g*x. What is the units digit of x?
4
Let w(b) = 60*b**2 + 3*b + 54. Let n be w(-6). Suppose 7*i + 2*i = n. What is the tens digit of i?
4
Let p be 8 + 0 - -1 - 0. What is the tens digit of 24/(-108) - (1 + (-1289)/p)?
4
Let a(u) = -u**3 + 3*u**2 + 52. Let b be a(5). Let t = 2 + -2. Suppose 46 = 2*l + 3*z - t*z, -b*l + z = -54. What is the units digit of l?
6
Let u(h) = h**3 + 10*h**2. Let w be u(-10). Let b be (1*(w + 0))/1. Let x = 8 + b. What is the units digit of x?
8
Let y be 6 - 3 - (-2 + 0). Suppose 0*u - y*u + 308 = 3*q, 2*u - 8 = 0. Suppose 5*i - i - q = 0. What is the tens digit of i?
2
Suppose 12*a - 14*a = -56. Suppose 128 + a = 4*c. What is the units digit of c?
9
Suppose 7*c - 12 = 6*c. Suppose -4*t - 191 = 4*n - 607, 3*n = -c. Suppose 0 = -2*z + 4*y + t, -74 = -0*z - z - 3*y. What is the tens digit of z?
6
What is the thousands digit of ((-20)/15)/(-1)*50721/11?
6
Let d(j) = -2*j + 4. Let b be d(2). Suppose -y - 344 = -5*t + 3*y, b = -3*t - 3*y + 201. What is the units digit of t?
8
Let z = -8 - -12. Suppose r + 3*d - 5 = 8, -z*r + 31 = 5*d. Suppose 3*u - r*m - 91 = m, 87 = 3*u - 3*m. What is the units digit of u?
7
Suppose -3*j + 0*j + 402 = 0. Suppose 3*u - 2*c = j + 105, 5*c = 25. What is the tens digit of u?
8
What is the hundreds digit of (-9)/((-99)/7018) + -6?
6
Suppose 0 = -9*r + 11*r - 8. Suppose 0*t - 124 = -r*t. What is the tens digit of t?
3
Let d(n) = 11 + 15*n - 16*n**2 - 10*n**2 + 28*n**2. What is the units digit of d(-11)?
8
Let w be 4 - 1 - (-5 - 14). Suppose -7 = 5*d - w. Suppose 0 = -7*l + d*l + 36. What is the units digit of l?
9
Suppose 23*z - 26*z = -1278. Suppose -5*g + z = 126. What is the units digit of g?
0
Let y = 10041 + -6829. What is the thousands digit of y?
3
Suppose 2*w - 2 = 4. Suppose 5*x + 24 = 134. Suppose -w*k + x = -2*k. What is the units digit of k?
2
Suppose -13*c + 9*c = 0. Suppose c = 3*p - 29 - 292. What is the tens digit of p?
0
Let l = 2677 + -1170. What is the hundreds digit of l?
5
Suppose 2*v + 2*v - 5*b = 199, 107 = 2*v - 5*b. Suppose -48*o = -v*o - 106. What is the units digit of o?
3
Let u(m) = 6 - 4 - 3 - m**2 - 4*m. Let n be u(-5). What is the units digit of (n + 3)*(-2)/6?
1
Suppose 25 = -5*g, -4*z + 0*g + 86 = 2*g. Let a = z + 6. What is the tens digit of a?
3
Suppose o = 4*m - 24, -4*m + 6*o - 2*o = -36. Suppose -3*d - 724 = -8*d - 4*a, 5*d - 760 = m*a. What is the hundreds digit of d?
1
Let i(k) = 2*k**2 + 8*k - 5. What is the tens digit of i(5)?
8
Let g(k) = k + 8. Let s be g(3). Suppose 5*y - 4*r = 806, y + 2*r - 175 + s = 0. What is the tens digit of y?
6
Suppose 274*x = 280*x - 2712. What is the hundreds digit of x?
4
Suppose -12*z = -2*z - 2790. What is the hundreds digit of z?
2
Let j(s) = 4*s**3 + 94*s**2 - 18*s - 5. What is the tens digit of j(-21)?
8
Let m be ((-2)/(-3))/((-1252)/252 - -5). Suppose 3*z - 4*y - m = 288, 0 = -5*z + 2*y + 515. What is the hundreds digit of z?
1
What is the units digit of 18/(-36)*(3/3 + -15)?
7
Let r(c) = -c**2 + 8*c - 20. Let s be r(4). What is the hundreds digit of (s*(-57)/24)/((-2)/(-52))?
2
Suppose -29*g = 43*g - 358344. What is the thousands digit of g?
4
Suppose 2*r = -2*r + 16. Let s = -20 - -24. Suppose 5*v - 4 = -2*q + 1, -s*v + r = 4*q. What is the units digit of v?
1
Let l(c) = c**2 + 8*c - 4. Let o be l(5). Let i = -25 + o. What is the units digit of i?
6
Suppose -4 = n, n - 20 = 2*c - n. Let h be c/35 - 17/(-5). Suppose -t - 4*m + 26 = 1, -h*t + 64 = m. What is the tens digit of t?
2
Suppose -3*a + 6*a - 3*z = 9, -a = -5*z + 17. Suppose 0 = -x + s + 7, x + 2*x + 4 = -2*s. What is the tens digit of (7 - a) + 23*x?
4
Let j(o) = -o**3 - o - 1. Let p(r) = 5*r**3 - 6*r**2 + 2*r + 10. Let q(d) = -4*j(d) - p(d). Let u be (-21)/(-5) + (-1)/5. What is the units digit of q(u)?
4
Let f(w) = 4*w + 32. Let l be f(-6). Suppose -l = -6*u - 2. What is the units digit of u?
1
Let c = -75 + 80. Suppose -c*z + 744 = 3*g, g + 0*g = -2*z + 297. What is the units digit of z?
7
Suppose -10 + 4 = -2*q. Suppose 2*m - 7 = -q*u - 2, 0 = -5*u - 4*m + 9. What is the units digit of u?
1
Let t(g) = g + 9. Let n be t(-11). What is the tens digit of (-4)/(n/(-108)*-3)?
7
Let r = 1468 + -175. What is the thousands digit of r?
1
Let f = -29 + 29. Suppose 0 = 2*b, a + 3*a + 3*b - 132 = f. What is the units digit of a?
3
Let p(m) = 1. Let t(n) = 5*n - 7. Let x(b) = 3*p(b) + t(b). Let o be x(3). Suppose -180 = -o*u + 6*u. What is the units digit of u?
6
Suppose 0*n - n = -25. Let d = -16 + n. What is the units digit of ((-3)/d)/(1/(-51))?
7
Let k be 11 + -9 - (-1 - -1). Let j(b) = -2*b**2 + 1 + 3*b**2 + 0*b**2 + k*b. What is the units digit of j(-4)?
9
Let w = 6141 + -4123. What is the units digit of w?
8
Let o(z) = 8*z - 92. What is the tens digit of o(22)?
8
What is the hundreds digit of ((-330)/12*(4 - -2))/(-1)?
1
Suppose 4*h - r - 1357 = -2*r, 3*r = -h + 342. What is the units digit of h?
9
What is the hundreds digit of 2 + (-13676)/(-18) - (-28)/126?
7
Let y be 9/(2*(-2)/(-4)). Let x = 25 + y. Suppose 2*r - 5 = p, 4*r + 2*p - x + 4 = 0. What is the units digit of r?
5
Let y(a) = a**3 + 6*a**2 - a. Let w be y(-6). Suppose -w = -6*j + 3*j. Suppose 2*k + j*c = 42, -k - 16 + 67 = -5*c. What is the units digit of k?
6
Let u(z) = -z**3 - 10*z**2 - 16*z + 20. Let l be u(-12). Let i = -280 + l. What is the tens digit of i?
2
Suppose 2301 = 4*m - 3*a, a + 1 = 6. What is the units digit of m?
9
Let c = 11 + -5. Suppose 0 = -5*q - 5*x, -5*q + x + c = -0*x. What is the units digit of 125/10*4/q?
0
Let w be 8/24 - 44/(-3). Suppose -10 - w = -5*n. Let j(v) = -v**2 + 7*v + 6. What is the tens digit of j(n)?
1
Suppose 0 = 7*g - 363 + 118. Let s = g - 31.